, 0*d - 3*j + 150 = 5*d. Calculate the remainder when d is divided by 17.
16
Suppose -4*v + 62 = 2*g - g, 2*g = -4. Let m = v + -11. Suppose 2*l - 56 = -2*l. Calculate the remainder when l is divided by m.
4
Let t(l) = -2*l**2 + 5*l - 2. Let p be t(3). Let i(y) = -y**2 - 4*y + 7. Let r be i(p). What is the remainder when r/(-9) + 425/9 is divided by 16?
15
Let k(j) = 13*j**2 + 1. Let c = -8 - -16. What is the remainder when k(-1) is divided by c?
6
Suppose 4*x - x + 2*q = -206, -5*x - 4*q - 346 = 0. Let i = x + 37. Let z = i + 52. What is the remainder when z is divided by 8?
7
Let w(s) = s**3 + 7*s**2 + 8*s + 4. Calculate the remainder when 2/(-5) + 591/15 is divided by w(-5).
11
Let s = -57 + 104. What is the remainder when s is divided by 24?
23
Suppose -5*l + 0 - 5 = 0, -5*l + 35 = 2*p. What is the remainder when 37 is divided by p?
17
Let s = -87 + 187. Let h = s + -32. What is the remainder when h is divided by 23?
22
Suppose -2*g = 2*a - g - 15, 5*a + 5*g - 50 = 0. Suppose a*n - 51 = -2*d + d, n - 8 = 2*d. Let l = -11 - -17. What is the remainder when n is divided by l?
4
Suppose 0 = 5*p + 25, p = -6*t + 4*t + 207. Suppose 114 + t = 5*a. Calculate the remainder when a is divided by 15.
14
Let b(d) be the third derivative of -d**4/8 - 5*d**3/3 + 2*d**2. What is the remainder when 32 is divided by b(-7)?
10
Let i be 2/(((-2)/2)/(-2)). Suppose d + 5 = 7. What is the remainder when d is divided by (1/i)/(3/12)?
0
Let q(s) = 27*s**2 - s + 1. Let m(k) = -15*k. Calculate the remainder when q(1) is divided by m(-1).
12
Let l = -64 - -103. Calculate the remainder when l is divided by 21.
18
Suppose -125 = -4*d + 31. Suppose 4*f - 88 = -b, 3*b = -5*f - 11 + 128. What is the remainder when d is divided by f?
18
Suppose -2*m = n - 125, 2*m + 3*n = 4*m - 113. Suppose 4*i - m = -17. Calculate the remainder when i is divided by ((-1)/3)/((-1)/9).
2
Let v(n) = n**3 - 6*n**2 - 5*n + 2. Let i(q) = q + 9. Let g be i(9). Let y be 4/g - (-244)/36. Calculate the remainder when 46 is divided by v(y).
14
Let n = -21 - -22. Calculate the remainder when 4 is divided by n.
0
Let p be (125/(-15))/(2/(-42)). Suppose 3*w + p = 8*w. Calculate the remainder when w is divided by (-1)/(-3) + 35/3.
11
Let l(u) = 2*u**2 - 8*u + 4. Calculate the remainder when 26 is divided by l(5).
12
Calculate the remainder when (-2348)/(-60) + 4/(-30) is divided by 13.
0
Let k(h) = h**3 + 6*h**2 - 6*h + 10. Let b be k(-7). Let v(r) = -3*r**3 - 3*r**3 + b - 2 + r**2 + 2*r**3 + r. What is the remainder when v(-1) is divided by 3?
2
Let r be (-2 - 0) + -24 + 14. Let w(b) = -b - 5. What is the remainder when 25 is divided by w(r)?
4
Let d = 15 + -15. Suppose d = 3*k - 3 - 84. Calculate the remainder when k is divided by 8.
5
Suppose 31 = 5*u - 14. Calculate the remainder when u is divided by 4.
1
Let m = 37 - 17. Suppose -5*n + 14 = -2*u, -3 = 2*u - 3*u. Suppose -10 - n = -2*c. Calculate the remainder when m is divided by c.
6
Let k = 33 + -24. What is the remainder when 29 is divided by k?
2
Let q = -6 - -13. Suppose -t - 6 = -4*d + 10, d = t + 7. Calculate the remainder when q is divided by d.
1
Let y(h) = h**3 - 6*h**2 - h + 8. Let w be y(6). Let u(m) = 3*m**w - 4*m + 0 - 4 + m**3 - 8*m**2. What is the remainder when 22 is divided by u(6)?
6
Let b(l) = -l**3 + 9*l**2 - 3*l + 3. Calculate the remainder when b(8) is divided by 25.
18
Suppose -52 = -3*w + 5*x, -2 = -2*w - 4*x + 62. What is the remainder when 1 - (w*2)/(-1) is divided by 17?
15
Let x(u) = -13*u**3 + 2*u**2 + 2*u + 1. Calculate the remainder when 26 is divided by x(-1).
12
Suppose -3*y + 51 = 3*b, 0 = 6*b - 8*b - 3*y + 34. What is the remainder when 99 is divided by b?
14
Suppose 3*u - 2*u - 41 = -4*j, 2*u = 5*j + 95. What is the remainder when u is divided by 33?
12
Let u be 2*(2 - (-33)/6). Suppose -u + 70 = 5*w. What is the remainder when 54 is divided by w?
10
Suppose 5*x = 96 + 189. Suppose -5*k + 53 = -x. Calculate the remainder when k is divided by 12.
10
Suppose 3*n + 2*x - 9 = 5*x, n - 4*x - 3 = 0. Suppose -c - 3*y + 51 = 4*c, 3*y + n = c. What is the remainder when 33 is divided by c?
6
Suppose 6*c - 96 - 210 = 0. Calculate the remainder when 99 is divided by c.
48
Suppose -45 = -7*o + 2*o. Suppose 0 = 3*f - 37 - 41. Calculate the remainder when f is divided by o.
8
Suppose 3*q - 7 = d, q + 5*d - 40 = -11. Calculate the remainder when q/(1 + (-9)/11) is divided by 12.
10
Suppose 0 = 3*o - 2*i - 153, 6*i - 4*i = 5*o - 251. What is the remainder when o is divided by 14?
7
Suppose n + 3*n = 20. Suppose -5*p = l - p - 29, 109 = n*l + 2*p. Calculate the remainder when 40 is divided by l.
19
Let r(u) be the third derivative of 3*u**4/8 - u**3/3 - 2*u**2. Suppose -4*n + 49 = 3*m + n, 2*n = 5*m - 61. What is the remainder when r(3) is divided by m?
12
Calculate the remainder when 137/2 - (0 + 12/(-8)) is divided by 19.
13
Let b(o) = -o**2 - 7*o - 2. Let a = 1 + -7. Let y be b(a). Suppose y*j + 2 = 14. What is the remainder when 7 is divided by j?
1
Suppose -2*n - 5*s + 417 = 0, 0 = 5*n + 3*s - 0*s - 1033. Calculate the remainder when n is divided by 35.
31
Suppose -2 = -u - 2*d, -2*d = -4*u + 1 + 7. Suppose 5*a = m - 5*m + 43, -5*a = -u*m - 61. What is the remainder when a is divided by 4?
3
Let o = 5 + 50. Calculate the remainder when 215 is divided by o.
50
Suppose -2*m + 133 = 5*m. Calculate the remainder when 28 is divided by m.
9
Suppose 5*f - 1140 = -185. Calculate the remainder when f is divided by 48.
47
Let d(c) = c**3 - 6*c**2 + 5*c + 7. Suppose 19 = z - 0*z. Calculate the remainder when d(6) is divided by z.
18
Suppose 9*v = 12*v - 12. Let b(x) = x**2 + 2*x - 1. Let l be b(-3). Suppose o = v*w - w + 23, l*o - w - 31 = 0. What is the remainder when 41 is divided by o?
13
Suppose -53 - 22 = -5*w. Let g = -65 + 69. Calculate the remainder when w is divided by g.
3
Suppose 0 = y - 9 - 0. Suppose y = -3*t + 30. Let z = t + -1. Calculate the remainder when 17 is divided by z.
5
Suppose 0 = 2*n - 6*n + 16. Suppose n*w - 3 = 33. Calculate the remainder when 15 is divided by w.
6
Let s = 88 + -62. Calculate the remainder when s is divided by 7.
5
Suppose -2*l = -2*v + 34, 0 = 4*l - 9 + 25. Let r = 7 + v. Suppose -4*n - r = -168. Calculate the remainder when n is divided by 13.
11
Let m = -5 + 14. Suppose -2*r + w = -36, 2*w - 72 = -r - 4*r. What is the remainder when r is divided by m?
7
Suppose g - 1 = 1. Let v(u) = 3*u**2 + u - 2*u**2 + u**3 - 2*u**g + 12 + 1. Calculate the remainder when v(0) is divided by 7.
6
Let c(j) = 3*j**2 + 4*j + 18. What is the remainder when 389/4 - 1/4 is divided by c(-3)?
31
Let n = 5 + 18. Calculate the remainder when 45 is divided by n.
22
Let j(y) = 13*y**2 - 1. Let m = -1 - -1. Suppose -2*z = 4*q - 6, -4*q = -z - m*q - 3. What is the remainder when 22 is divided by j(z)?
10
Let m(s) = -9*s - 3. Let j be 3 + (-21)/(-6)*-2. Let h(x) = x**3 + x**2 + x + 12. What is the remainder when m(j) is divided by h(0)?
9
Suppose 2*d - 5 = 1. Suppose -d*g + 30 = 6. What is the remainder when 14 is divided by g?
6
Let l(y) = 4*y + 2. Calculate the remainder when 75 is divided by l(6).
23
Let u(z) be the second derivative of -5*z**3 + z**2/2 + 2*z. What is the remainder when u(-2) is divided by 21?
19
Let c(k) = k**3 + 8*k**2 + 5*k + 2. Let b(t) = 2*t - 1. Let u be b(-3). Let f(o) = -32*o - 1. Calculate the remainder when f(-1) is divided by c(u).
15
Let r = -62 + 119. Calculate the remainder when 110 is divided by r.
53
Let c(h) = -h - 10. Calculate the remainder when 21 is divided by c(-16).
3
Let k(m) = -m**3 + 6*m**2 - 6*m + 2. Let d be (-132)/(-30) - 2/5. What is the remainder when k(d) is divided by 6?
4
Suppose -2*o = -d - 22, -42 = -4*o + 2*d + d. Suppose 17 = u - 5*v - 9, 2*v = -5*u + 49. Let l(f) = 2*f + 1. What is the remainder when l(u) is divided by o?
11
Let c(a) = 6*a + 0 + a**3 + 2 + 7*a**2 + 4. What is the remainder when 11 is divided by c(-6)?
5
Suppose 5*o = 41 - 11. What is the remainder when 22 is divided by o?
4
Suppose -2*x = -1 - 5. Suppose -4*u - 20 = 0, -4*p = 2*u - u - 11. Suppose -p*m - 12 = 0, -h = -3*m - 3 - 13. What is the remainder when h is divided by x?
1
Let y = -14 + 13. Let m = -1 + 2. Calculate the remainder when 32 is divided by (m + -2)/y - -10.
10
Suppose 25 